Let z(j) = -j**2 - 2054*j + 109759. Determine z(52).
247
Let n(r) = 3*r**2 - 10432*r - 41742. Give n(-4).
34
Let g(n) = -n**3 - 11*n**2 + 14*n + 5. Give g(6).
-523
Let c(i) = 701*i + 18108. What is c(-24)?
1284
Let w(f) = 2*f**3 + 101*f**2 + 54*f + 147. Determine w(-50).
-53
Let t(m) = -3*m**3 + 81*m**2 + 45*m + 571. Calculate t(28).
-521
Let h(w) = 86*w + 108. Determine h(-29).
-2386
Let y(j) = -j**3 + 85*j**2 - 499*j + 54. What is y(6)?
-96
Let t(o) = -4*o**2 - 6443*o - 134875. Give t(-21).
-1336
Let k(z) = z**3 + 82*z**2 + 46*z + 3783. Give k(-82).
11
Let r(s) = -1044*s - 84349. What is r(-81)?
215
Let x(n) = -837*n + 3121. Determine x(3).
610
Let m(j) = j**3 + 22*j**2 - 86*j + 76. Give m(-24).
988
Let k(x) = x**2 + 17938*x + 107590. Give k(-6).
-2
Let d(i) = i**3 - 198*i**2 + 183*i + 3274. Determine d(197).
516
Let b(o) = -o**3 + 36*o**2 - 407*o + 1379. What is b(15)?
-1
Let k(j) = 3629*j - 2144739. Calculate k(591).
0
Let o(z) = -z**3 - 19*z**2 - 175*z - 379. Give o(-10).
471
Let l(o) = -5*o**2 - 230*o + 668. Determine l(-53).
-1187
Let f(g) = 11*g**2 + 11129*g - 241634. Give f(-1033).
88
Let o(n) = -4*n**3 + 699*n**2 - 1228*n + 2963. Determine o(173).
22
Let o(j) = -3969*j + 99333. What is o(25)?
108
Let j(d) = d**3 - 640*d**2 + 6917*d + 6. What is j(11)?
-16
Let i(s) = 246*s - 1853. Calculate i(6).
-377
Let p(j) = 72*j + 468. Give p(6).
900
Let u(z) = 3*z**3 - 25*z**2 - 11*z + 24. What is u(11)?
871
Let z(j) = -j**3 - 32*j**2 - 60*j - 54. What is z(-30)?
-54
Let g(v) = 5*v**3 - 1068*v**2 - 421*v - 1827. What is g(214)?
-329
Let c(o) = -595*o - 14010. What is c(-24)?
270
Let x(v) = 5921*v + 201413. Determine x(-34).
99
Let h(p) = -208*p**2 - 594*p - 41. What is h(-5)?
-2271
Let j(h) = 7514*h - 2494552. Determine j(332).
96
Let n(m) = 424*m**2 + 5*m + 2. What is n(1)?
431
Let d(i) = 5*i**2 + 84*i + 1460. What is d(-14)?
1264
Let w(b) = -3*b**3 - 1261*b**2 + 1271*b - 8. Determine w(1).
-1
Let g(d) = 591*d**2 - 15291*d - 1940. What is g(26)?
10
Let t(v) = 12*v**3 + 846*v**2 - 430*v + 109. What is t(-71)?
393
Let a(p) = p**3 - 18*p**2 + 613*p - 4267. What is a(8)?
-3
Let c(r) = -3*r**3 + 590*r**2 + 935*r - 372464. Determine c(195).
-14
Let h(u) = 37916*u**2 - 113727*u - 13. Give h(3).
50
Let i(z) = -1290*z + 27712. Determine i(22).
-668
Let z(n) = -2674*n + 30279. What is z(11)?
865
Let p(h) = 23*h**3 - 6393*h**2 - 281*h + 841. Give p(278).
7
Let w(s) = -11*s**3 + 41*s**2 + 126*s - 490. Determine w(4).
-34
Let f(o) = -17*o**2 - 432*o - 2511. Calculate f(-16).
49
Let r(k) = -632*k - 199126. Determine r(-315).
-46
Let v(k) = k**2 - 111*k - 38764. Give v(-149).
-24
Let x(y) = -3*y**3 - 596*y**2 - 404*y - 1574. Give x(-198).
10
Let a(h) = -2704*h - 73581. Determine a(-27).
-573
Let k(c) = -c**3 - 6*c**2 + 31*c - 69. What is k(11)?
-1785
Let d(m) = 101*m**2 - 4559*m - 14588. Calculate d(-3).
-2
Let p(i) = -154*i - 46733. What is p(-312)?
1315
Let g(v) = -39829*v + 159283. Give g(4).
-33
Let q(o) = o**3 + 65*o**2 - 487*o - 12. What is q(7)?
107
Let v(d) = 19*d**2 - 612*d + 4924. What is v(12)?
316
Let s(u) = -u**2 + 64003*u + 768188. Calculate s(-12).
8
Let q(k) = -420971*k + 7577456. Calculate q(18).
-22
Let p(a) = -126*a + 11127. Give p(89).
-87
Let k(z) = -2889*z + 210937. Calculate k(73).
40
Let u(m) = -2300*m + 549677. What is u(239)?
-23
Let n(s) = -1117*s**2 - 27929*s - 66. Determine n(-25).
34
Let j(n) = -n**3 - 79*n**2 - 122*n + 2055. Give j(-77).
-409
Let h(n) = n**3 - 20*n**2 - 82*n - 108. What is h(-3)?
-69
Let n(m) = -5*m**3 - 9*m**2 + 80*m + 230. Determine n(-5).
230
Let t(y) = y**2 + 113*y - 91995. Give t(252).
-15
Let q(j) = -4*j**2 + 89*j + 3709. Calculate q(45).
-386
Let m(q) = 558*q - 19841. Determine m(37).
805
Let g(x) = -336*x - 69547. Determine g(-207).
5
Let f(z) = z**3 + 76*z**2 + 1354*z + 497. Determine f(-48).
17
Let b(t) = -t**3 + 5*t**2 - 90016*t + 540138. Calculate b(6).
6
Let c(v) = 19*v**3 - 358*v**2 - 73*v + 175. Calculate c(19).
-129
Let j(o) = -40*o - 3774. Determine j(-73).
-854
Let c(v) = -v**3 + 52*v**2 + 234*v - 21. What is c(56)?
539
Let z(v) = 1713*v**2 - 10107*v - 2. Determine z(6).
1024
Let a(w) = -11*w**2 - 112*w + 4507. Determine a(-27).
-488
Let v(f) = 9856*f - 59143. Determine v(6).
-7
Let t(o) = 14437*o + 230990. Determine t(-16).
-2
Let d(h) = 2*h**3 - 131*h**2 - 124*h - 229. Give d(66).
-4057
Let v(p) = -p**3 - 144*p**2 - 1270*p + 25667. Give v(-133).
-2
Let a(h) = -159*h + 8449. Calculate a(53).
22
Let j(q) = -3*q**2 + 389*q - 10506. Determine j(51).
1530
Let u(p) = 1416*p**2 - 1357944*p - 11. Calculate u(959).
-11
Let h(g) = -11680*g - 186820. Calculate h(-16).
60
Let f(t) = -1830*t + 100648. Calculate f(55).
-2
Let z(a) = 2*a**3 + 440*a**2 + 16007*a - 119. Give z(-174).
55
Let i(c) = -110271*c - 13453056. What is i(-122)?
6
Let p(v) = 1206*v - 12364. Determine p(8).
-2716
Let l(b) = -2*b**3 - 10*b**2 + 310*b + 2109. Calculate l(-10).
9
Let n(g) = -53*g**2 - 1797*g + 168. Calculate n(-34).
-2
Let p(o) = 146*o**3 + 14157*o**2 - 485*o + 3. Determine p(-97).
3
Let z(v) = -4*v**2 + 100*v + 78335. Give z(-128).
-1
Let k(o) = -8*o**3 - 180*o**2 - 22*o - 1640. Give k(-22).
-3092
Let k(t) = -2*t**2 - 10266*t + 164696. Determine k(16).
-72
Let r(d) = d**3 + 48*d**2 - 383*d + 297. Give r(-55).
187
Let h(k) = -80*k**2 + 1432*k - 5799. Give h(12).
-135
Let h(p) = -18*p**2 - 26*p + 55. Determine h(-5).
-265
Let c(n) = 2610*n**2 + 101779*n - 343. Calculate c(-39).
86
Let g(i) = 387*i + 4367. Determine g(-11).
110
Let p(f) = -2054*f + 971577. What is p(473)?
35
Let c(w) = -51*w**3 - 38*w**2 + 40*w + 3. Determine c(-5).
5228
Let b(m) = -3*m**2 + 616*m + 4574. Calculate b(213).
-325
Let y(m) = -143*m**3 + 673*m**2 - 592*m + 1. What is y(1)?
-61
Let b(p) = 3*p**2 - 152*p - 4801. What is b(-22)?
-5
Let c(z) = -3*z**2 + 799*z - 12252. What is c(16)?
-236
Let b(c) = 81*c - 620. Determine b(15).
595
Let i(x) = 16*x**2 + 3378*x - 13497. Give i(4).
271
Let h(w) = 5115*w - 138282. Give h(27).
-177
Let a(n) = 331*n + 11821. What is a(-36)?
-95
Let o(k) = -185*k - 12515. What is o(-70)?
435
Let k(o) = -5733*o - 86614. Give k(-15).
-619
Let g(f) = -f**3 - 39*f**2 + 1793*f + 70158. What is g(-41)?
7
Let h(b) = -930984*b - 8378862. What is h(-9)?
-6
Let u(s) = 70607*s + 847385. Determine u(-12).
101
Let n(i) = 929*i - 124016. Calculate n(133).
-459
Let z(t) = t**3 + 68*t**2 + 174*t + 11409. Give z(-68).
-423
Let q(x) = -314*x - 7879. Determine q(-25).
-29
Let o(s) = -2*s**2 + 256*s + 3359. Determine o(-12).
-1
Let o(j) = 24*j**2 + 139*j - 386. Give o(-8).
38
Let l(n) = -74*n**2 - 925*n + 380. What is l(-13)?
-101
Let b(w) = -288*w**2 + 126*w - 10. Calculate b(2).
-910
Let s(t) = -3*t**3 - 4*t**2 - 96*t + 817. Calculate s(7).
-1080
Let v(m) = m**2 - 17*m - 1039. Calculate v(-24).
-55
Let f(n) = 2*n**3 + 33*n**2 + 112*n + 15. Determine f(-5).
30
Let c(s) = 1998*s + 11881. Determine c(-6).
-107
Let w(t) = -2*t**3 + 124*t**2 + 357*t + 2235. Calculate w(65).
90
Let y(w) = 172132*w + 860676. Calculate y(-5).
16
Let i(r) = -71*r**3 + 496*r**2 - 43*r + 348. What is i(7)?
-2
Let i(c) = -168*c + 37962. Calculate i(225).
162
Let a(x) = -659*x**2 - 25043*x - 9. Give a(-38).
29
Let m(k) = 2*k**2 + 21*k + 8. Determine m(-17).
229
Let j(o) = 4*o**3 + 1262*o**2 + 1880*o - 1052. Calculate j(-314).
204
Let b(t) = -t**3 - 349*t**2 - 554*t - 71684. What is b(-348)?
4
Let p(k) = 23*k**3 + 4*k**2 + 333*k - 1815. Calculate p(5).
2825
Let p(r) = -4440*r + 12579. Give p(4).
-5181
Let a(d) = 15*d**3 + 1788*d**2 + 2056*d - 8029. Calculate a(-118).
-5
Let r(t) = -4369928*t + 13109790. Calculate r(3).
6
Let p(j) = j**2 + 358383*j + 6450575. Calculate p(-18).
5
Let k(o) = -4*o**3 - 229*o**2 - 47*o + 171. Calculate k(-57).
-399
Let f(h) = -2408*h + 23878. Calculate f(10).
-202
Let s(m) = -2*m**3 - 2016*m**2 - 173*m - 174371. Give s(-1008).
13
Let k(g) = -3*g**3 + 202*g**2 - 1281*g + 14. What is k(7)?
-84
Let h(j) = -94*j**3 + 366*j**2 + 60*j + 6. Determine h(4).
86
Let l(w) = -707*w - 24170. Determine l(-35).
575
Let f(q) = 2735*q - 57502. Calculate f(21).
-67
Let c(s) = -11334*s + 1586658. Determine c(140).
-102
Let v(x) = -11*x**2 + 246*x - 333. Give v(21).
-18
Let p(d) = 2878*d + 115111. Determine p(-40).
-9
Let n(p) = -342518*p + 2397604. What is 